173
In base 13, what is 51 + 3?
54
In base 12, what is -2 + -24?
-26
In base 9, what is 326 - -3?
330
In base 3, what is 10121020 - 11?
10121002
In base 13, what is 44 + -1?
43
In base 7, what is -123 - -64?
-26
In base 14, what is 7 - 37?
-30
In base 3, what is 11 + -211011?
-211000
In base 10, what is 30 - -2?
32
In base 15, what is 2 - -90?
92
In base 16, what is -382 - 3?
-385
In base 10, what is -36 - -2?
-34
In base 8, what is -36 - 12?
-50
In base 3, what is 2 + 2011?
2020
In base 16, what is 38 - -7?
3f
In base 8, what is 157 - 4?
153
In base 2, what is 10111 - 1011?
1100
In base 15, what is 22 + -ac?
-8a
In base 16, what is -4 + a7?
a3
In base 9, what is 2180 + 3?
2183
In base 7, what is 1 + -23?
-22
In base 12, what is -7 + 872?
867
In base 13, what is -1 + -4a?
-4b
In base 7, what is -1120 - -2?
-1115
In base 13, what is -3 + -6c2?
-6c5
In base 12, what is -75 + 2?
-73
In base 2, what is -1001 - 11001000001?
-11001001010
In base 10, what is 5 - -452?
457
In base 14, what is 5 + 40?
45
In base 5, what is -1 + 210?
204
In base 5, what is 2230 + -10?
2220
In base 5, what is -3 - 220?
-223
In base 6, what is 34 + -45?
-11
In base 15, what is 49a + -6?
494
In base 4, what is -2313 + -133?
-3112
In base 10, what is 4 + 9?
13
In base 2, what is -100 - 1010111110?
-1011000010
In base 15, what is -87 - -3?
-84
In base 10, what is 2 - 164?
-162
In base 8, what is 3515 + 4?
3521
In base 8, what is -1356 + 0?
-1356
In base 2, what is 11 + 10000010?
10000101
In base 15, what is -db + 4?
-d7
In base 7, what is 13 + -161?
-145
In base 2, what is 100111011 + -100?
100110111
In base 16, what is -41 + -30?
-71
In base 3, what is 2010002 - -20?
2010022
In base 11, what is -49 - 3?
-51
In base 3, what is 201220 - 2?
201211
In base 9, what is 668 - -5?
674
In base 11, what is 303 + 4?
307
In base 3, what is -1022120 + -22?
-1022212
In base 2, what is -111111 + 1?
-111110
In base 11, what is -1446 + 5?
-1441
In base 13, what is -1 + -649?
-64a
In base 14, what is 35 + 1?
36
In base 10, what is 3 + 29?
32
In base 8, what is 120022 + 5?
120027
In base 13, what is -3 - -107?
104
In base 10, what is -17 + 287?
270
In base 12, what is -3 + -3909?
-3910
In base 15, what is -196 + -4b?
-1e2
In base 2, what is 110010001110 + -10?
110010001100
In base 2, what is -1011 - -10?
-1001
In base 10, what is -586 + 5?
-581
In base 4, what is 21 + -1200?
-1113
In base 3, what is 10 - 1022110?
-1022100
In base 5, what is 230032 + 10?
230042
In base 15, what is -2 + 280?
27d
In base 13, what is 3 - -77?
7a
In base 9, what is -311 - -3?
-307
In base 5, what is -22 + 20?
-2
In base 10, what is -6507 - -1?
-6506
In base 5, what is 20 + 1?
21
In base 7, what is 4 - -1001?
1005
In base 7, what is 504 - -12?
516
In base 2, what is 10001111101 + 10?
10001111111
In base 2, what is 100001110011110 - -10?
100001110100000
In base 12, what is 31 - 8?
25
In base 4, what is -203 + 23?
-120
In base 7, what is 0 + -301?
-301
In base 10, what is -38 + 4?
-34
In base 14, what is 9c + 9?
a7
In base 9, what is 564 - -10?
574
In base 7, what is -355 - -30?
-325
In base 11, what is -2a09 + 4?
-2a05
In base 13, what is -9 + 12c?
123
In base 6, what is 30 + 0?
30
In base 15, what is c - c?
0
In base 8, what is 3 + -50?
-45
In base 15, what is 5 + -10?
-a
In base 4, what is 12102011 - 10?
12102001
In base 10, what is -3 + -53?
-56
In base 14, what is 4b - -c?
59
In base 9, what is -2 + -1251?
-1253
In base 5, what is -10 - -24?
14
In base 13, what is 2b0 + -6?
2a7
In base 9, what is -3 - 1067?
-1071
In base 8, what is 7 + 7?
16
In base 2, what is -100011 + -1001000?
-1101011
In base 9, what is 115 + 0?
115
In base 11, what is -4 + -217?
-220
In base 11, what is -1 + -80?
-81
In base 13, what is 3 - -72?
75
In base 12, what is -8ab - -4?
-8a7
In base 8, what is -1 + 7?
6
In base 16, what is 5e9 + -3?
5e6
In base 12, what is 6 + 175?
17b
In base 16, what is 3 - 3a?
-37
In base 15, what is -1d2 - 5?
-1d7
In base 7, what is -12 + -103?
-115
In base 7, what is 5 + -21?
-13
In base 5, what is 32 - 11420?
-11333
In base 9, what is -5841 + -5?
-5846
In base 9, what is 136 + 73?
220
In base 5, what is -10 - -303?
243
In base 2, what is -1110 - -101?
-1001
In base 4, what is 11 - 23202?
-23131
In base 4, what is 23200 - 0?
23200
In base 8, what is 2 + 433?
435
In base 12, what is 0 - -48?
48
In base 15, what is 0 + -16b?
-16b
In base 14, what is 303 - 0?
303
In base 4, what is -10320 + -103?
-11023
In base 2, what is 1 - 1110?
-1101
In base 5, what is 1 - -230?
231
In base 9, what is -120 - -2?
-117
In base 13, what is a - 45?
-38
In base 14, what is 1b - -8d?
aa
In base 12, what is -5 + -136b?
-1374
In base 4, what is 3 - 113230?
-113221
In base 5, what is 21 - -23423?
23444
In base 13, what is -2b37 - 1?
-2b38
In base 9, what is -5 + -51?
-56
In base 2, what is -100 - 10011000?
-10011100
In base 14, what is -2 - a9?
-ab
In base 8, what is -166 + -3?
-171
In base 8, what is 116 - 4?
112
In base 6, what is 1012 + 4?
1020
In base 11, what is 1 + 20?
21
In base 9, what is 81 - -176?
267
In base 16, what is 5 + -1a2?
-19d
In base 7, what is 14 - -20?
34
In base 15, what is c6 - -28?
ee
In base 4, what is 10 + 1310?
1320
In base 6, what is 3 - -10053?
10100
In base 4, what is -11 - 1002?
-1013
In base 9, what is -170 - 66?
-246
In base 16, what is -16d + 0?
-16d
In base 6, what is 2002 + -1?
2001
In base 13, what is 0 + -64?
-64
In base 3, what is -1011012 + -12?
-1011101
In base 2, what is -11000 - 101?
-11101
In base 3, what is -11 - 20012?
-20100
In base 16, what is -236 + -3?
-239
In base 12, what is 2b02 + -5?
2ab9
In base 9, what is -666 - 0?
-666
In base 16, what is -59 - -14?
-45
In base 7, what is -4 + -31?
-35
In base 11, what is 2 + 15?
17
In base 10, what is 920 + 5?
925
In base 6, what is -25 - -11?
-14
In base 2, what is 101 - -11100101?
11101010
In base 15, what is -1d - -98?
7a
In base 3, what is -10211 - 11?
-10222
In base 8, what is 153 - -5?
160
In base 4, what is 10123 + -3?
10120
In base 3, what is -2 - -11102?
11100
In base 3, what is 1 - -1222?
2000
In base 11, what is -191 - -28?
-164
In base 14, what is -6 - 146?
-14c
In base 7, what is 10 + 242?
252
In base 6, what is -150 + -2?
-152
In base 5, what is 44 - 1432?
-1333
In base 13, what is -44b + 2?
-449
In base 8, what is -2 + -52?
-54
In base 4, what is 13 - 30?
-11
In base 7, what is -4 - -1136?
1132
In base 10, what is 48 - -17?
65
In base 4, what is 10101 + -1?
10100
In base 14, what is -2b0 - -4?
-2aa
In base 6, what is -23 - -2?
-21
In base 15, what is -705 - 2?
-707
In base 11, what is 2 + 14?
16
In base 7, what is -134 - 4?
-141
In base 7, what is -3 - -463?
460
In base 3, what is 12 - 1121?
-1102
In base 14, what is 185 + -5?
180
In base 12, what is 80 + 4?
84
In base 9, what is 0 + 87?
87
In base 11, what is a37 + -5?
a32
In base 13, what is 0 + b4?
b4
In base 8, what is 5 - -33?
40
In base 8, what is 2706 - 2?
2704
In base 2, what is -101 - -11101000?
11100011
In base 6, what is 2 + 201?
203
In base 12, what is -a5 + -4?
-a9
In base 9, what is 10 - 41?
-31
In base 10, what is -146 - 3?
-149
In base 8, what is 2 - -66?
70
In base 16, what is -47a + 1?
-479
In base 4, what is 212012 + -1?
212011
In base 8, what is -1253 - 3?
-1256
In base 15, what is -6 - -58a?
584
In base 4, what is -1012 + -112?
-1130
In base 8, what is 3 - 3303?
-3300
In base 2, what is -1001 + 1011?
10
In base 6, what is 400 - -45?
445
In base 8, what is 366 + 3?
371
In base 5, what is -2100331 + -10?
-2100341
In base 7, what is -1032 + -65?
-1130
In base 10, what is -54 + 8?
-46
In base 5, what is 1022 - -103?
1130
In base 15, what is 34 + 8?
3c
In base 14, what is 46 - 6?
40
In base 4, what is 103 + 12?
121
In base 8, what is -3 - 114?
-117
In base 16, what is -205 - 1?
-206
In base 3, what is -101 + 1000000?
222122
In base 5, what is 42042 + 4?
42101
In base 11, what is -22 - 167?
-189
In base 9, what is -158 + 44?
-114
In base 8, what is 106 - -305?
413
In base 6, what is 135 - -4?
143
In base 7, what is -3 - 13?
-16
In base 10, what is -5 - 101?
-106
In base 7, what is -24514 + 0?
-24514
In base 6, what is 2301 - -5?
2310
In base 15, what is b36 + 2?
b38
In base 6, what is 11540 - -3?
11543
In base 4, what is 10 - 31?
-21
In base 15, what is 54 - 